{"id":2,"date":"2025-12-18T13:00:13","date_gmt":"2025-12-18T13:00:13","guid":{"rendered":"http:\/\/vcblaingravel.fr\/?page_id=2"},"modified":"2025-12-18T13:37:46","modified_gmt":"2025-12-18T13:37:46","slug":"sample-page","status":"publish","type":"page","link":"https:\/\/vcblaingravel.fr\/","title":{"rendered":"VC Blain Gravel"},"content":{"rendered":"\n<p><strong>Bienvenue sur le site officiel du VC Blain Gravel.<\/strong><br>Rejoignez-nous pour partager la passion du Gravel et d\u00e9couvrir nos \u00e9v\u00e9nements autour de Blain.<\/p>\n\n\n\n<figure class=\"wp-block-image size-full\"><img loading=\"lazy\" decoding=\"async\" width=\"500\" height=\"500\" src=\"http:\/\/vcblaingravel.fr\/wp-content\/uploads\/2025\/12\/logo_BGT.jpg\" alt=\"\" class=\"wp-image-10\" srcset=\"https:\/\/vcblaingravel.fr\/wp-content\/uploads\/2025\/12\/logo_BGT.jpg 500w, https:\/\/vcblaingravel.fr\/wp-content\/uploads\/2025\/12\/logo_BGT-300x300.jpg 300w, https:\/\/vcblaingravel.fr\/wp-content\/uploads\/2025\/12\/logo_BGT-150x150.jpg 150w\" sizes=\"auto, (max-width: 500px) 100vw, 500px\" \/><\/figure>\n\n\n\n<p>Les inscriptions pour la 2\u1d49 \u00e9dition du Blain Gravel Tour sont ouvertes !<br><br><\/p>\n\n\n\n<div class=\"wp-block-buttons is-content-justification-center is-layout-flex wp-container-core-buttons-is-layout-a89b3969 wp-block-buttons-is-layout-flex\">\n<div class=\"wp-block-button\"><a class=\"wp-block-button__link wp-element-button\" href=\"https:\/\/www.helloasso.com\/associations\/velo-club-blinois\/evenements\/blain-gravel-tour-2eme-edition-1\">Je m&#8217;inscris<\/a><\/div>\n<\/div>\n\n\n\n<figure class=\"wp-block-image aligncenter size-full\"><img loading=\"lazy\" decoding=\"async\" width=\"481\" height=\"749\" src=\"http:\/\/vcblaingravel.fr\/wp-content\/uploads\/2025\/12\/Capture-decran-2025-12-17-134806.png\" alt=\"\" class=\"wp-image-9\" srcset=\"https:\/\/vcblaingravel.fr\/wp-content\/uploads\/2025\/12\/Capture-decran-2025-12-17-134806.png 481w, https:\/\/vcblaingravel.fr\/wp-content\/uploads\/2025\/12\/Capture-decran-2025-12-17-134806-193x300.png 193w\" sizes=\"auto, (max-width: 481px) 100vw, 481px\" \/><\/figure>\n","protected":false},"excerpt":{"rendered":"<p>Bienvenue sur le site officiel du VC Blain Gravel.Rejoignez-nous pour partager la passion du Gravel et d\u00e9couvrir nos \u00e9v\u00e9nements autour de Blain. Les inscriptions pour la 2\u1d49 \u00e9dition du Blain Gravel Tour sont ouvertes !<\/p>\n","protected":false},"author":1,"featured_media":0,"parent":0,"menu_order":0,"comment_status":"closed","ping_status":"open","template":"","meta":{"footnotes":""},"class_list":["post-2","page","type-page","status-publish","hentry"],"_links":{"self":[{"href":"https:\/\/vcblaingravel.fr\/index.php\/wp-json\/wp\/v2\/pages\/2","targetHints":{"allow":["GET"]}}],"collection":[{"href":"https:\/\/vcblaingravel.fr\/index.php\/wp-json\/wp\/v2\/pages"}],"about":[{"href":"https:\/\/vcblaingravel.fr\/index.php\/wp-json\/wp\/v2\/types\/page"}],"author":[{"embeddable":true,"href":"https:\/\/vcblaingravel.fr\/index.php\/wp-json\/wp\/v2\/users\/1"}],"replies":[{"embeddable":true,"href":"https:\/\/vcblaingravel.fr\/index.php\/wp-json\/wp\/v2\/comments?post=2"}],"version-history":[{"count":1,"href":"https:\/\/vcblaingravel.fr\/index.php\/wp-json\/wp\/v2\/pages\/2\/revisions"}],"predecessor-version":[{"id":11,"href":"https:\/\/vcblaingravel.fr\/index.php\/wp-json\/wp\/v2\/pages\/2\/revisions\/11"}],"wp:attachment":[{"href":"https:\/\/vcblaingravel.fr\/index.php\/wp-json\/wp\/v2\/media?parent=2"}],"curies":[{"name":"wp","href":"https:\/\/api.w.org\/{rel}","templated":true}]}}